base 11) in base 5?
-4
Convert -113 (base 7) to base 5.
-214
Convert 14 (base 11) to base 6.
23
Convert 4a (base 14) to base 4.
1002
What is 2 (base 14) in base 11?
2
-2 (base 13) to base 7
-2
Convert 2 (base 3) to base 7.
2
Convert -26 (base 12) to base 3.
-1010
What is 12 (base 7) in base 4?
21
Convert 0 (base 9) to base 5.
0
What is 1 (base 5) in base 2?
1
-1 (base 16) to base 14
-1
Convert -67 (base 9) to base 12.
-51
Convert -1010 (base 2) to base 9.
-11
Convert 22 (base 12) to base 2.
11010
What is 10 (base 11) in base 15?
b
What is -a (base 12) in base 2?
-1010
What is a0 (base 15) in base 11?
127
Convert 233 (base 5) to base 7.
125
Convert -199 (base 10) to base 12.
-147
3 (base 16) to base 6
3
-211 (base 6) to base 8
-117
Convert 4 (base 7) to base 15.
4
What is -6 (base 8) in base 3?
-20
Convert 0 (base 8) to base 9.
0
100001011 (base 2) to base 12
1a3
Convert 8c (base 15) to base 12.
b0
What is 12 (base 3) in base 13?
5
What is 5 (base 13) in base 8?
5
Convert -23 (base 5) to base 4.
-31
What is 555 (base 8) in base 9?
445
51 (base 15) to base 2
1001100
11 (base 7) to base 15
8
Convert 22 (base 14) to base 2.
11110
What is -2 (base 8) in base 4?
-2
What is -4 (base 7) in base 13?
-4
Convert 0 (base 11) to base 13.
0
30 (base 8) to base 3
220
-110 (base 2) to base 16
-6
Convert 14 (base 9) to base 7.
16
1 (base 6) to base 8
1
What is 6d (base 15) in base 10?
103
Convert -2 (base 7) to base 9.
-2
What is -53 (base 15) in base 7?
-141
-17 (base 8) to base 5
-30
17 (base 16) to base 13
1a
What is 10001 (base 2) in base 13?
14
1 (base 11) to base 9
1
Convert 101221 (base 3) to base 9.
357
Convert 455 (base 6) to base 2.
10110011
What is -193 (base 12) in base 3?
-100110
Convert 1210 (base 3) to base 8.
60
What is 1 (base 2) in base 9?
1
Convert -1 (base 5) to base 14.
-1
186 (base 11) to base 3
21222
Convert -305 (base 8) to base 9.
-238
What is 129 (base 12) in base 4?
2301
What is a (base 14) in base 4?
22
Convert -52 (base 11) to base 7.
-111
What is -22 (base 3) in base 14?
-8
Convert -2c (base 16) to base 8.
-54
What is 2 (base 3) in base 4?
2
-12 (base 8) to base 3
-101
-442 (base 7) to base 3
-22101
-6 (base 10) to base 4
-12
Convert -3 (base 15) to base 7.
-3
-53 (base 8) to base 4
-223
What is 31 (base 4) in base 15?
d
What is -22 (base 9) in base 14?
-16
Convert -3311 (base 4) to base 10.
-245
What is 1121 (base 5) in base 11?
137
Convert -1 (base 13) to base 8.
-1
21 (base 8) to base 5
32
1 (base 10) to base 16
1
What is -310 (base 6) in base 13?
-8a
22 (base 6) to base 9
15
Convert 1 (base 14) to base 2.
1
What is 251 (base 7) in base 11?
112
Convert -c (base 14) to base 10.
-12
254 (base 6) to base 8
152
Convert 31 (base 6) to base 8.
23
3d (base 15) to base 11
53
Convert -7 (base 11) to base 6.
-11
-40 (base 10) to base 5
-130
Convert 1ac (base 13) to base 10.
311
-3101 (base 4) to base 14
-10d
210 (base 3) to base 12
19
8a (base 16) to base 3
12010
Convert -27 (base 8) to base 10.
-23
-2 (base 7) to base 11
-2
Convert 11 (base 3) to base 9.
4
What is 2 (base 15) in base 3?
2
-103 (base 9) to base 6
-220
113 (base 8) to base 7
135
-10000000 (base 2) to base 5
-1003
52 (base 12) to base 9
68
53 (base 9) to base 6
120
Convert -3 (base 8) to base 4.
-3
Convert -2 (base 7) to base 4.
-2
What is -1315 (base 6) in base 11?
-285
Convert 38 (base 14) to base 13.
3b
What is 9 (base 14) in base 3?
100
Convert -133 (base 11) to base 8.
-235
Convert 4 (base 5) to base 15.
4
9 (base 16) to base 13
9
What is 3 (base 5) in base 10?
3
What is -11 (base 8) in base 11?
-9
Convert 0 (base 2) to base 13.
0
15 (base 14) to base 12
17
Convert -2a (base 13) to base 9.
-40
Convert 166 (base 13) to base 6.
1101
16 (base 12) to base 14
14
What is -14 (base 7) in base 5?
-21
Convert -3 (base 14) to base 2.
-11
What is -7 (base 14) in base 10?
-7
5 (base 15) to base 3
12
1 (base 9) to base 15
1
-3 (base 16) to base 9
-3
Convert 190 (base 10) to base 13.
118
1 (base 5) to base 9
1
What is 6 (base 9) in base 3?
20
Convert -c (base 14) to base 5.
-22
What is 230 (base 5) in base 4?
1001
Convert 240 (base 5) to base 3.
2121
What is -1 (base 15) in base 7?
-1
Convert 7 (base 11) to base 14.
7
Convert -101 (base 3) to base 5.
-20
What is -3b (base 13) in base 3?
-1212
What is -10 (base 2) in base 6?
-2
Convert 111 (base 4) to base 14.
17
-2 (base 10) to base 4
-2
What is -312 (base 7) in base 5?
-1111
Convert 0 (base 10) to base 6.
0
Convert -1111011 (base 2) to base 9.
-146
What is -1 (base 8) in base 14?
-1
What is -13 (base 12) in base 16?
-f
-2c (base 14) to base 2
-101000
-11110 (base 2) to base 9
-33
Convert 65 (base 8) to base 10.
53
1 (base 6) to base 7
1
Convert -4 (base 12) to base 7.
-4
Convert 11 (base 3) to base 2.
100
Convert 96 (base 16) to base 15.
a0
Convert -253 (base 6) to base 11.
-96
What is c4 (base 15) in base 6?
504
Convert 101001 (base 2) to base 5.
131
What is -1 (base 2) in base 10?
-1
Convert -45 (base 8) to base 3.
-1101
-3 (base 11) to base 4
-3
What is -6 (base 7) in base 4?
-12
0 (base 12) to base 6
0
What is -a2 (base 11) in base 3?
-11011
What is 0 (base 8) in base 9?
0
What is -16 (base 10) in base 4?
-100
10101 (base 2) to base 11
1a
What is 3 (base 10) in base 5?
3
What is 28 (base 16) in base 10?
40
Convert -4 (base 12) to base 11.
-4
Convert -3 (base 7) to base 3.
-10
-1 (base 16) to base 15
-1
b (base 12) to base 8
13
Convert -ad (base 16) to base 7.
-335
-312 (base 4) to base 9
-60
What is -a (base 16) in base 13?
-a
Convert -3 (base 15) to base 16.
-3
2 (base 14) to base 6
2
Convert -100011 (base 2) to base 12.
-2b
Convert 31 (base 9) to base 16.
1c
What is -9 (base 13) in base 8?
-11
Convert 21 (base 16) to base 9.
36
-4 (base 14) to base 16
-4
1 (base 9) to base 3
1
-2 (base 13) to base 16
-2
What is 4 (base 11) in base 4?
10
Convert 11 (base 10) to base 3.
102
Convert 0 (base 9) to base 7.
0
85 (base 15) to base 12
a5
Convert ba (base 14) to base 12.
118
Convert 10 (base 3) to base 5.
3
What is -1 (base 2) in base 3?
-1
Convert -2 (base 13) to base 5.
-2
Convert -20 (base 3) to base 10.
-6
7 (base 12) to base 15
7
What is 0 (base 14) in base 10?
0
1f (base 16) to base 6
51
What is -3 (base 14) in base 13?
-3
What is -1 (base 10) in base 7?
-1
What is 7c (base 16) in base 14?
8c
Convert -212 (base 3) to base 6.
-35
Convert e5 (base 15) to base 5.
1330
-3 (base 4) to base 11
-3
What is -10111111 (base 2) in base 5?
-1231
-14 (base 10) to base 7
-20
Convert -b0 (base 12) to base 8.
-204
2212 (base 3) to base 8
115
-132 (base 5) to base 12
-36
Convert -5 (base 12) to base 8.
-5
Convert -1b (base 12) to base 11.
-21
Convert -47 (base 8) to base 3.
-1110
Convert 0 (base 16) to base 14.
0
Convert -b (base 16) to base 12.
-b
Convert -62 (base 11) to base 3.
-2112
Convert 4 (base 5) to base 7.
4
202 (base 4) to base 13
28
What is -90 (base 11) in base 15?
-69
113 (base 4) to base 15
18
Convert 3 (base 12) to base 16.
3
Convert -6 (base 16) to base 11.
-6
5 (base 6) to base 9
5
-104 (base 10) to base 12
-88
Convert -191 (base 10) to base 12.
-13b
11000 (base 2) to base 13
1b
Convert 101 (base 6) to base 14.
29
What is -2 (base 4) in base 3?
-2
-20 (base 9) to base 11
-17
Convert -1211 (base 4) to base 6.
-245
Convert 14 (base 10) to base 3.
112
11 (base 6) to base 16
7
-1120 (base 4) to base 6
-224
3 (base 9) to base 6
3
What is -13 (base 5) in base 6?
-12
Convert e7 (base 15) to base 14.
117
-17 (base 9) to base 2
-10000
Convert 7 (base 16) to base 5.
12
12200 (base 3) to base 14
ad
Convert 2 (base 4) to base 13.
2
-6 (base 14) to base 4
-12
What is 0 (base 12) in base 2?
0
-1f (base 16) to base 12
-27
What is 1220 (base 3) in base 16?
33
What is -35 (base 13) in base 6?
-112
What is -11002 (base 3) in base 5?
-420
What is -4 (base 6) in base 10?
-4
Convert 240 (base 7) to base 11.
105
Convert 4b (base 14) to base 6.
151
What is 17 (base 14) in base 4?
111
-12121 (base 3) to base 16
-97
What is 7 (base 11) in base 6?
11
Convert -2 (base 3) to base 9.
-2
Convert e (base 15) to base 6.
22
-11111 (base 2) to base 9
-34
What is -1231 (base 4) in base 12?
-91
What is 8 (base 15) in base 14?
8
What is -a (base 12) in base 9?
-11
0 (base 10) to base 13
0
1 (base 10) to base 16
1
Convert 223 (base 6) to base 13.
69
-11 (base